{"id":1571,"date":"2021-02-15T15:06:10","date_gmt":"2021-02-15T14:06:10","guid":{"rendered":"http:\/\/www.atransfvof.se\/?page_id=1571"},"modified":"2021-02-16T12:42:33","modified_gmt":"2021-02-16T11:42:33","slug":"uttag","status":"publish","type":"page","link":"https:\/\/www.atransfvof.se\/index.php\/uttag\/","title":{"rendered":"Uttag"},"content":{"rendered":"\n<h1>H\u00e5llbart uttag<\/h1>\n\n\n\n<p>Resultaten fr\u00e5n lekfiskf\u00e4llan i Nydala visar att antalet uppvandrande laxhonor frekvent underskred Conservation limit under perioden 1956 till 1980, d v s tills kalkningen startade. Fiskf\u00e4llorna har gett ett underlag f\u00f6r att ber\u00e4kna en s.k. Conservation Limit, CL (s\u00e4ker biologisk niv\u00e5) f\u00f6r laxen. Med kunskap om antalet uppvandrande lekfisk erh\u00e5lls proportionen mellan lekfisk och smolt.<\/p>\n\n\n\n<p>Nedan visas antalet f\u00e5ngade fiskar baserat p\u00e5 f\u00e5ngstrapporter i kombination med data fr\u00e5n fiskr\u00e4knare. Den gr\u00f6na linjen visar Conservation Limit (CL). F\u00e5ngster av Lax \u00e4r inrapporterad av sportfisket i Falkenbergs Laxfiske, \u00c4trans Nedre FVOF och H\u00f6gvads\u00e5ns Nedre FVOF. F\u00e5ngstdata fr\u00e5n de av fiskeklubbarna arrenderade delarna av systemet ing\u00e5r ej i detta underlag.<\/p>\n\n\n\n\n\n<p><\/p>\n","protected":false},"excerpt":{"rendered":"<p>H\u00e5llbart uttag Resultaten fr\u00e5n lekfiskf\u00e4llan i Nydala visar att antalet uppvandrande laxhonor frekvent underskred Conservation limit under perioden 1956 till 1980, d v s tills kalkningen startade. Fiskf\u00e4llorna har gett ett underlag f\u00f6r att ber\u00e4kna en s.k. Conservation Limit, CL (s\u00e4ker biologisk niv\u00e5) f\u00f6r laxen. Med kunskap om antalet uppvandrande lekfisk erh\u00e5lls proportionen mellan lekfisk &hellip;<\/p>\n<p class=\"read-more\"> <a class=\"\" href=\"https:\/\/www.atransfvof.se\/index.php\/uttag\/\"> <span class=\"screen-reader-text\">Uttag<\/span> L\u00e4s mer &raquo;<\/a><\/p>\n","protected":false},"author":1,"featured_media":0,"parent":0,"menu_order":0,"comment_status":"closed","ping_status":"closed","template":"","meta":{"site-sidebar-layout":"default","site-content-layout":"default","ast-main-header-display":"","ast-hfb-above-header-display":"","ast-hfb-below-header-display":"","ast-hfb-mobile-header-display":"","site-post-title":"disabled","ast-breadcrumbs-content":"","ast-featured-img":"","footer-sml-layout":"","theme-transparent-header-meta":"default","adv-header-id-meta":"","stick-header-meta":"","header-above-stick-meta":"","header-main-stick-meta":"","header-below-stick-meta":""},"_links":{"self":[{"href":"https:\/\/www.atransfvof.se\/index.php\/wp-json\/wp\/v2\/pages\/1571"}],"collection":[{"href":"https:\/\/www.atransfvof.se\/index.php\/wp-json\/wp\/v2\/pages"}],"about":[{"href":"https:\/\/www.atransfvof.se\/index.php\/wp-json\/wp\/v2\/types\/page"}],"author":[{"embeddable":true,"href":"https:\/\/www.atransfvof.se\/index.php\/wp-json\/wp\/v2\/users\/1"}],"replies":[{"embeddable":true,"href":"https:\/\/www.atransfvof.se\/index.php\/wp-json\/wp\/v2\/comments?post=1571"}],"version-history":[{"count":3,"href":"https:\/\/www.atransfvof.se\/index.php\/wp-json\/wp\/v2\/pages\/1571\/revisions"}],"predecessor-version":[{"id":1576,"href":"https:\/\/www.atransfvof.se\/index.php\/wp-json\/wp\/v2\/pages\/1571\/revisions\/1576"}],"wp:attachment":[{"href":"https:\/\/www.atransfvof.se\/index.php\/wp-json\/wp\/v2\/media?parent=1571"}],"curies":[{"name":"wp","href":"https:\/\/api.w.org\/{rel}","templated":true}]}}