{"id":1536,"date":"2021-02-12T12:23:38","date_gmt":"2021-02-12T11:23:38","guid":{"rendered":"http:\/\/www.atransfvof.se\/?page_id=1536"},"modified":"2021-02-12T12:49:37","modified_gmt":"2021-02-12T11:49:37","slug":"falkenbergs-laxfiske","status":"publish","type":"page","link":"https:\/\/www.atransfvof.se\/index.php\/falkenbergs-laxfiske\/","title":{"rendered":"Falkenbergs Laxfiske"},"content":{"rendered":"\n<h1>Falkenbergs laxfiske<\/h1>\n\n\n\n<div class=\"wp-block-media-text alignwide has-media-on-the-right is-stacked-on-mobile is-vertically-aligned-top\"><figure class=\"wp-block-media-text__media\"><img loading=\"lazy\" width=\"1024\" height=\"1024\" src=\"http:\/\/www.atransfvof.se\/wp-content\/uploads\/2021\/02\/flugrulle.jpg\" alt=\"\" class=\"wp-image-1364 size-full\" srcset=\"https:\/\/www.atransfvof.se\/wp-content\/uploads\/2021\/02\/flugrulle.jpg 1024w, https:\/\/www.atransfvof.se\/wp-content\/uploads\/2021\/02\/flugrulle-300x300.jpg 300w, https:\/\/www.atransfvof.se\/wp-content\/uploads\/2021\/02\/flugrulle-150x150.jpg 150w, https:\/\/www.atransfvof.se\/wp-content\/uploads\/2021\/02\/flugrulle-768x768.jpg 768w\" sizes=\"(max-width: 1024px) 100vw, 1024px\" \/><\/figure><div class=\"wp-block-media-text__content\">\n<p><strong>I \u00c4trans nedre fiskev\u00e5rdsomr\u00e5des stadgar anges att Falkenbergs kommun \u00e4ger r\u00e4tt att arrendera ut sin fisker\u00e4tt p\u00e5 str\u00e4cken nedstr\u00f6ms Hertings kraftverk. Fisket nedstr\u00f6ms Hertings kraftverk drivs d\u00e4rf\u00f6r av Falkenbergs Laxfiske.<\/strong> <\/p>\n\n\n\n<p>Fiskeomr\u00e5det str\u00e4cker sig fr\u00e5n \u00f6vre gr\u00e4ns i Hertingforsen till nedre gr\u00e4ns i H\u00e5lan och \u00e4r uppdelat i tre str\u00e4ckor. Fiskeomr\u00e5det \u00e4r ca tv\u00e5 km l\u00e5ngt. <\/p>\n\n\n\n<p>Laxbron-Tullbron \u00e4r ett klassiskt flug- och spinnfiskevatten som \u00e4ven innefattar de mer str\u00f6msatta partierna Garvareforsen och Vallforsen. Str\u00e4ckan \u00e4r indelad i \u00e5tta pooler. <\/p>\n\n\n\n<p>Sedan 2018 erbjuds ett sp\u00e4nnande fiske i Hertingforsen d\u00e4r enbart catch and release-fiske \u00e4r till\u00e5tet och bara tv\u00e5 fiskande personer om dagen. <\/p>\n\n\n\n<p>H\u00e5lan  \u00e4r ett omr\u00e5det som str\u00e4cker sig fr\u00e5n ca 150 meter nedstr\u00f6ms Tullbron efter Vallforsen och en bit nedanf\u00f6r S\u00f6derbron. Fisket fr\u00e5n kajen \u00e4r mycket l\u00e4ttillg\u00e4ngligt.<\/p>\n\n\n\n<p>F\u00f6rutom dessa tre omr\u00e5den finns det det fler sp\u00e4nnande platser att uppt\u00e4cka om du vill fiska efter lax och havs\u00f6ring.<\/p>\n\n\n\n<h2>Fiskekort<br><\/h2>\n<\/div><\/div>\n\n\n\n<p style=\"width: 100%; margin-left:30px;\">\n<iframe loading=\"lazy\" style=\"border: none; width: 100%; height: 920px;\" src=\"https:\/\/www.ifiske.se\/sv\/store\/76c03b88\" width=\"100%\" height=\"920\"><\/iframe>\n<\/p><\/div>\n\n\n\n<h2>Fiskeregler<\/h2>\n\n\n\n<p style=\"width: 100%; margin-left:30px;\">\n<iframe loading=\"lazy\" style=\"border: none; width: 100%; height: 720px;\" src=\"https:\/\/www.ifiske.se\/sv\/rules\/76c03b88\" width=\"100%\" height=\"720\"><\/iframe>\n<\/p>\n","protected":false},"excerpt":{"rendered":"<p>Falkenbergs laxfiske I \u00c4trans nedre fiskev\u00e5rdsomr\u00e5des stadgar anges att Falkenbergs kommun \u00e4ger r\u00e4tt att arrendera ut sin fisker\u00e4tt p\u00e5 str\u00e4cken nedstr\u00f6ms Hertings kraftverk. Fisket nedstr\u00f6ms Hertings kraftverk drivs d\u00e4rf\u00f6r av Falkenbergs Laxfiske. Fiskeomr\u00e5det str\u00e4cker sig fr\u00e5n \u00f6vre gr\u00e4ns i Hertingforsen till nedre gr\u00e4ns i H\u00e5lan och \u00e4r uppdelat i tre str\u00e4ckor. Fiskeomr\u00e5det \u00e4r ca tv\u00e5 &hellip;<\/p>\n<p class=\"read-more\"> <a class=\"\" href=\"https:\/\/www.atransfvof.se\/index.php\/falkenbergs-laxfiske\/\"> <span class=\"screen-reader-text\">Falkenbergs Laxfiske<\/span> L\u00e4s mer &raquo;<\/a><\/p>\n","protected":false},"author":1,"featured_media":0,"parent":0,"menu_order":0,"comment_status":"closed","ping_status":"closed","template":"","meta":{"site-sidebar-layout":"default","site-content-layout":"default","ast-main-header-display":"","ast-hfb-above-header-display":"","ast-hfb-below-header-display":"","ast-hfb-mobile-header-display":"","site-post-title":"disabled","ast-breadcrumbs-content":"","ast-featured-img":"","footer-sml-layout":"","theme-transparent-header-meta":"default","adv-header-id-meta":"","stick-header-meta":"","header-above-stick-meta":"","header-main-stick-meta":"","header-below-stick-meta":""},"_links":{"self":[{"href":"https:\/\/www.atransfvof.se\/index.php\/wp-json\/wp\/v2\/pages\/1536"}],"collection":[{"href":"https:\/\/www.atransfvof.se\/index.php\/wp-json\/wp\/v2\/pages"}],"about":[{"href":"https:\/\/www.atransfvof.se\/index.php\/wp-json\/wp\/v2\/types\/page"}],"author":[{"embeddable":true,"href":"https:\/\/www.atransfvof.se\/index.php\/wp-json\/wp\/v2\/users\/1"}],"replies":[{"embeddable":true,"href":"https:\/\/www.atransfvof.se\/index.php\/wp-json\/wp\/v2\/comments?post=1536"}],"version-history":[{"count":6,"href":"https:\/\/www.atransfvof.se\/index.php\/wp-json\/wp\/v2\/pages\/1536\/revisions"}],"predecessor-version":[{"id":1551,"href":"https:\/\/www.atransfvof.se\/index.php\/wp-json\/wp\/v2\/pages\/1536\/revisions\/1551"}],"wp:attachment":[{"href":"https:\/\/www.atransfvof.se\/index.php\/wp-json\/wp\/v2\/media?parent=1536"}],"curies":[{"name":"wp","href":"https:\/\/api.w.org\/{rel}","templated":true}]}}