{"id":1331,"date":"2021-02-02T14:02:39","date_gmt":"2021-02-02T13:02:39","guid":{"rendered":"http:\/\/www.atransfvof.se\/?page_id=1331"},"modified":"2021-02-02T14:12:24","modified_gmt":"2021-02-02T13:12:24","slug":"fiskevard-i-atran","status":"publish","type":"page","link":"https:\/\/www.atransfvof.se\/index.php\/fiskevard-i-atran\/","title":{"rendered":"Fiskev\u00e5rd i \u00c4tran"},"content":{"rendered":"\n<h1>Fiskev\u00e5rd<\/h1>\n\n\n\n<figure class=\"wp-block-image size-large is-style-default\"><img loading=\"lazy\" width=\"1024\" height=\"437\" src=\"http:\/\/www.atransfvof.se\/wp-content\/uploads\/2020\/12\/oring-1024x437.jpg\" alt=\"\" class=\"wp-image-1281\" srcset=\"https:\/\/www.atransfvof.se\/wp-content\/uploads\/2020\/12\/oring-1024x437.jpg 1024w, https:\/\/www.atransfvof.se\/wp-content\/uploads\/2020\/12\/oring-300x128.jpg 300w, https:\/\/www.atransfvof.se\/wp-content\/uploads\/2020\/12\/oring-768x328.jpg 768w, https:\/\/www.atransfvof.se\/wp-content\/uploads\/2020\/12\/oring-1536x656.jpg 1536w, https:\/\/www.atransfvof.se\/wp-content\/uploads\/2020\/12\/oring.jpg 1600w\" sizes=\"(max-width: 1024px) 100vw, 1024px\" \/><\/figure>\n\n\n\n<p><strong>Under 1950-talet inledde Hallands l\u00e4n hush\u00e5llningss\u00e4llskap fiskeribiologiska unders\u00f6kningar av \u00c4trans laxstam. Unders\u00f6kningarna f\u00f6rlades till H\u00f6gvads\u00e5n och innefattade kontroll \u00f6ver laxvandringen i H\u00f6gvads\u00e5n vid Nydala. I samband med upptagande av unders\u00f6kningarna arrenderades det fasta laxfisket vid Nydala och det har d\u00e4refter anv\u00e4nts som kontrollfiske av laxuppvandringen i H\u00f6gvads\u00e5n. Vid Nydala sattes en f\u00e4lla upp f\u00f6r att f\u00e5nga smolt. \u00c5ren 1952 \u2013 1969 Carlin-m\u00e4rktes 7196 smolt i syfte att klarl\u00e4gga den v\u00e4stsvenska laxens vandringsm\u00f6nster (G\u00f6sta Edman, 1993). <\/strong><\/p>\n\n\n\n<p>Enligt 3 kap. 2 \u00a7 FIFS 2004:37 (Fiskeriverkets f\u00f6reskrifter) om fiske i s\u00f6tvattensomr\u00e5dena \u00e4r fiske efter lax och \u00f6ring f\u00f6rbjudet fr o m den 1 oktober t o m den 31 mars i vattendrag som mynnar i Kattegatt och Skagerack. Best\u00e4mmelserna avser fiske i vattendrag fr\u00e5n gr\u00e4nsen mot kustvattenomr\u00e5det till det f\u00f6rsta definitiva vandrings-hindret (3 kap. 1 \u00a7 FIFS 2004:37).<br>Minimim\u00e5ttet f\u00f6r lax och \u00f6ring \u00e4r, enligt 3 kap. 7 \u00a7 FIFS 2004:37, 45 cm f\u00f6r lax och 45 cm f\u00f6r \u00f6ring. Det r\u00e5der ett generellt f\u00f6rbud mot att fiska havsnejon\u00f6ga, majfisk, staksill, v\u00e5rsikl\u00f6ja, storskallesik, gropl\u00f6ja, sk\u00e4rkniv och \u00e5l. F\u00f6r \u00e5l finns undantag f\u00f6r vissa vattenomr\u00e5den d\u00e4r fiske \u00e4r till\u00e5tet. I \u00c4trans avrinningsomr\u00e5de \u00e4r fiske efter \u00e5l till\u00e5tet uppstr\u00f6ms nedan n\u00e4mnda kraftverk.<\/p>\n","protected":false},"excerpt":{"rendered":"<p>Fiskev\u00e5rd Under 1950-talet inledde Hallands l\u00e4n hush\u00e5llningss\u00e4llskap fiskeribiologiska unders\u00f6kningar av \u00c4trans laxstam. Unders\u00f6kningarna f\u00f6rlades till H\u00f6gvads\u00e5n och innefattade kontroll \u00f6ver laxvandringen i H\u00f6gvads\u00e5n vid Nydala. I samband med upptagande av unders\u00f6kningarna arrenderades det fasta laxfisket vid Nydala och det har d\u00e4refter anv\u00e4nts som kontrollfiske av laxuppvandringen i H\u00f6gvads\u00e5n. Vid Nydala sattes en f\u00e4lla upp f\u00f6r &hellip;<\/p>\n<p class=\"read-more\"> <a class=\"\" href=\"https:\/\/www.atransfvof.se\/index.php\/fiskevard-i-atran\/\"> <span class=\"screen-reader-text\">Fiskev\u00e5rd i \u00c4tran<\/span> L\u00e4s mer &raquo;<\/a><\/p>\n","protected":false},"author":1,"featured_media":0,"parent":0,"menu_order":0,"comment_status":"closed","ping_status":"closed","template":"","meta":{"site-sidebar-layout":"default","site-content-layout":"default","ast-main-header-display":"","ast-hfb-above-header-display":"","ast-hfb-below-header-display":"","ast-hfb-mobile-header-display":"","site-post-title":"disabled","ast-breadcrumbs-content":"","ast-featured-img":"","footer-sml-layout":"","theme-transparent-header-meta":"default","adv-header-id-meta":"","stick-header-meta":"","header-above-stick-meta":"","header-main-stick-meta":"","header-below-stick-meta":""},"_links":{"self":[{"href":"https:\/\/www.atransfvof.se\/index.php\/wp-json\/wp\/v2\/pages\/1331"}],"collection":[{"href":"https:\/\/www.atransfvof.se\/index.php\/wp-json\/wp\/v2\/pages"}],"about":[{"href":"https:\/\/www.atransfvof.se\/index.php\/wp-json\/wp\/v2\/types\/page"}],"author":[{"embeddable":true,"href":"https:\/\/www.atransfvof.se\/index.php\/wp-json\/wp\/v2\/users\/1"}],"replies":[{"embeddable":true,"href":"https:\/\/www.atransfvof.se\/index.php\/wp-json\/wp\/v2\/comments?post=1331"}],"version-history":[{"count":5,"href":"https:\/\/www.atransfvof.se\/index.php\/wp-json\/wp\/v2\/pages\/1331\/revisions"}],"predecessor-version":[{"id":1339,"href":"https:\/\/www.atransfvof.se\/index.php\/wp-json\/wp\/v2\/pages\/1331\/revisions\/1339"}],"wp:attachment":[{"href":"https:\/\/www.atransfvof.se\/index.php\/wp-json\/wp\/v2\/media?parent=1331"}],"curies":[{"name":"wp","href":"https:\/\/api.w.org\/{rel}","templated":true}]}}