{"id":1318,"date":"2021-02-02T13:56:06","date_gmt":"2021-02-02T12:56:06","guid":{"rendered":"http:\/\/www.atransfvof.se\/?page_id=1318"},"modified":"2021-02-15T09:24:37","modified_gmt":"2021-02-15T08:24:37","slug":"fiskevard-falkenbergs-laxfiske","status":"publish","type":"page","link":"https:\/\/www.atransfvof.se\/index.php\/fiskevard-falkenbergs-laxfiske\/","title":{"rendered":"Om oss"},"content":{"rendered":"\n<h1>Om oss<\/h1>\n\n\n\n<div class=\"wp-block-media-text alignwide has-media-on-the-right is-stacked-on-mobile is-vertically-aligned-top\"><figure class=\"wp-block-media-text__media\"><img loading=\"lazy\" width=\"1024\" height=\"887\" src=\"http:\/\/www.atransfvof.se\/wp-content\/uploads\/2021\/02\/omslag.jpg\" alt=\"\" class=\"wp-image-1491 size-full\" srcset=\"https:\/\/www.atransfvof.se\/wp-content\/uploads\/2021\/02\/omslag.jpg 1024w, https:\/\/www.atransfvof.se\/wp-content\/uploads\/2021\/02\/omslag-300x260.jpg 300w, https:\/\/www.atransfvof.se\/wp-content\/uploads\/2021\/02\/omslag-768x665.jpg 768w\" sizes=\"(max-width: 1024px) 100vw, 1024px\" \/><\/figure><div class=\"wp-block-media-text__content\">\n<p><strong>Denna hemsida har tagits fram av \u00c4trans nedre FVO med st\u00f6d av Lokal Ledd uteveckling i Halland och finansiering av den Europeiska havs- och fiskerifonden.<\/strong> <\/p>\n\n\n\n<p>Inneh\u00e5llet p\u00e5 hemsidan baseras p\u00e5 en utvecklings- och f\u00f6rvaltningsplan som best\u00e4llts av \u00c4trans nedre fiskev\u00e5rdsomr\u00e5desf\u00f6rening i syfte att skapa riktning f\u00f6r v\u00e5rt fortsatta arbete med att bedriva en h\u00e5llbar fiskf\u00f6rvaltning. <\/p>\n\n\n\n<p>V\u00e5r f\u00f6reningen f\u00f6rvaltar fisket fr\u00e5n Vessigebro till mynningen i havet i \u00c4tran. <\/p>\n\n\n\n<p>Fiskev\u00e5rdsplanen har tagits fram som ett projekt via Lokalt ledd utveckling i Halland och finansierats av Europeiska havs- och fiskerifonden, p\u00e5 uppdrag av oss i f\u00f6reningen.  Arbetet med att ta fram planen har varit omfattande och har utf\u00f6rts av Fredrik N\u00f6belin och Anna Thorstensson p\u00e5 Huskvarna Ekologi.<\/p>\n\n\n\n<p>Vi ser att vi i v\u00e5r roll kan bidra till att uppn\u00e5 vissa av de globalt uppsatta m\u00e5len f\u00f6r en h\u00e5llbar utveckling, men inser samtidigt att vi inte ensamt b\u00e4r ansvar och kan inte g\u00f6ra allt p\u00e5 egenhand. <\/p>\n\n\n\n<h3>Kontaktinformation<\/h3>\n\n\n\n<p>Kontaktperson: Johan Bengtsson<br>Tel. 073- 866 13 33<br>E post: johan.bengtsson2@falkenberg.se<\/p>\n\n\n\n<p><\/p>\n\n\n\n<p><br><\/p>\n<\/div><\/div>\n","protected":false},"excerpt":{"rendered":"<p>Om oss Denna hemsida har tagits fram av \u00c4trans nedre FVO med st\u00f6d av Lokal Ledd uteveckling i Halland och finansiering av den Europeiska havs- och fiskerifonden. Inneh\u00e5llet p\u00e5 hemsidan baseras p\u00e5 en utvecklings- och f\u00f6rvaltningsplan som best\u00e4llts av \u00c4trans nedre fiskev\u00e5rdsomr\u00e5desf\u00f6rening i syfte att skapa riktning f\u00f6r v\u00e5rt fortsatta arbete med att bedriva en &hellip;<\/p>\n<p class=\"read-more\"> <a class=\"\" href=\"https:\/\/www.atransfvof.se\/index.php\/fiskevard-falkenbergs-laxfiske\/\"> <span class=\"screen-reader-text\">Om oss<\/span> L\u00e4s mer &raquo;<\/a><\/p>\n","protected":false},"author":1,"featured_media":0,"parent":0,"menu_order":0,"comment_status":"closed","ping_status":"closed","template":"","meta":{"site-sidebar-layout":"default","site-content-layout":"default","ast-main-header-display":"","ast-hfb-above-header-display":"","ast-hfb-below-header-display":"","ast-hfb-mobile-header-display":"","site-post-title":"disabled","ast-breadcrumbs-content":"","ast-featured-img":"","footer-sml-layout":"","theme-transparent-header-meta":"default","adv-header-id-meta":"","stick-header-meta":"","header-above-stick-meta":"","header-main-stick-meta":"","header-below-stick-meta":""},"_links":{"self":[{"href":"https:\/\/www.atransfvof.se\/index.php\/wp-json\/wp\/v2\/pages\/1318"}],"collection":[{"href":"https:\/\/www.atransfvof.se\/index.php\/wp-json\/wp\/v2\/pages"}],"about":[{"href":"https:\/\/www.atransfvof.se\/index.php\/wp-json\/wp\/v2\/types\/page"}],"author":[{"embeddable":true,"href":"https:\/\/www.atransfvof.se\/index.php\/wp-json\/wp\/v2\/users\/1"}],"replies":[{"embeddable":true,"href":"https:\/\/www.atransfvof.se\/index.php\/wp-json\/wp\/v2\/comments?post=1318"}],"version-history":[{"count":13,"href":"https:\/\/www.atransfvof.se\/index.php\/wp-json\/wp\/v2\/pages\/1318\/revisions"}],"predecessor-version":[{"id":1570,"href":"https:\/\/www.atransfvof.se\/index.php\/wp-json\/wp\/v2\/pages\/1318\/revisions\/1570"}],"wp:attachment":[{"href":"https:\/\/www.atransfvof.se\/index.php\/wp-json\/wp\/v2\/media?parent=1318"}],"curies":[{"name":"wp","href":"https:\/\/api.w.org\/{rel}","templated":true}]}}